n base 11, what is 785 - 4?
781
In base 12, what is 4a743 + 0?
4a743
In base 4, what is 23 - -12122311?
12123000
In base 16, what is -1 + 6b81?
6b80
In base 4, what is 1210 - 10223?
-3013
In base 7, what is 614 + -4252?
-3335
In base 13, what is 8 + -165?
-15a
In base 10, what is 696673 - -4?
696677
In base 14, what is 3d911 - 3?
3d90c
In base 5, what is 234024331 - 4?
234024322
In base 14, what is 374 + -57?
31b
In base 9, what is -13 + 3181?
3167
In base 7, what is 1014252 - 5?
1014244
In base 14, what is 86c + 34?
8a2
In base 7, what is 1 - 314112?
-314111
In base 11, what is -21 - -78?
57
In base 4, what is -2120013 + -3?
-2120022
In base 10, what is 21820 + 1?
21821
In base 7, what is 25 + -10246?
-10221
In base 6, what is -1240101 - 3?
-1240104
In base 11, what is 10589 - 21?
10568
In base 9, what is 6 + -7338?
-7332
In base 10, what is -1713 + 18?
-1695
In base 3, what is 12222110 - -12212?
20012022
In base 9, what is -155 + 4163?
4007
In base 8, what is 61 + -1767?
-1706
In base 14, what is 407b - -5?
4082
In base 7, what is 4 + -2000330?
-2000323
In base 16, what is 7 - 1881?
-187a
In base 16, what is -2 - 14cf4d?
-14cf4f
In base 3, what is -10100101 - -12?
-10100012
In base 5, what is 4 + 120222?
120231
In base 9, what is -10 + -1848?
-1858
In base 13, what is 5 + -725c?
-7257
In base 8, what is -1702 + -131?
-2033
In base 14, what is -6 + -1b87d?
-1b885
In base 16, what is 679 + -12?
667
In base 10, what is 73 - -1068?
1141
In base 6, what is 13312 - 134?
13134
In base 16, what is -2f51 - 1a?
-2f6b
In base 11, what is 375527 - -1?
375528
In base 10, what is 23124 - 8?
23116
In base 4, what is 2000203300 - -10?
2000203310
In base 14, what is d6b + -a0?
cab
In base 14, what is 2042c + -3?
20429
In base 12, what is -5 - 84412?
-84417
In base 10, what is -3226 + -18?
-3244
In base 5, what is 3140 + 330?
4020
In base 2, what is -11 - 10110010101?
-10110011000
In base 5, what is 12032131 + -10?
12032121
In base 7, what is 20351 + 3?
20354
In base 9, what is 2678841 - 3?
2678837
In base 12, what is 13b4 - -123?
1517
In base 7, what is 3 - -126351?
126354
In base 5, what is -3402132 + -24?
-3402211
In base 11, what is -174 - 204?
-378
In base 8, what is -1514 + 3132?
1416
In base 13, what is -6 + 9b800?
9b7c7
In base 15, what is 99 - e4?
-4a
In base 15, what is 3e821c + -3?
3e8219
In base 10, what is 895 - 209?
686
In base 8, what is -3534 + 377?
-3135
In base 5, what is 1 + 2431132?
2431133
In base 9, what is -14 + -1862?
-1876
In base 11, what is 54 - -2482?
2526
In base 15, what is -1571 - 9?
-157a
In base 3, what is 210021 - 11111?
121210
In base 7, what is 0 + -13430?
-13430
In base 7, what is -63162 - -4?
-63155
In base 13, what is 1 - 26248?
-26247
In base 10, what is 19 - -26432?
26451
In base 5, what is 4 + 2304222?
2304231
In base 12, what is -778 + 1189?
611
In base 15, what is b23b4 + -3?
b23b1
In base 15, what is 9 + 233?
23c
In base 2, what is -101110000101011 + -1100001?
-101110010001100
In base 2, what is 1000001010100111 - -100?
1000001010101011
In base 15, what is -4a + -a089?
-a0d4
In base 6, what is 15101 + -1141?
13520
In base 6, what is 102244520 - 2?
102244514
In base 16, what is 10617c + 1?
10617d
In base 11, what is -2 - 10782?
-10784
In base 6, what is -5050 - 20?
-5110
In base 9, what is 22 + 61578?
61611
In base 2, what is 101111111100011101 + -10?
101111111100011011
In base 8, what is -14177 + 137?
-14040
In base 12, what is -12a2503 - 3?
-12a2506
In base 15, what is -cb43 - -3?
-cb40
In base 6, what is 1431445 + -3?
1431442
In base 7, what is -113054 - -1?
-113053
In base 10, what is 9 + -2854?
-2845
In base 6, what is 2 + 403132?
403134
In base 14, what is -a9 - 147?
-212
In base 4, what is 1001102 + 1212?
1002320
In base 6, what is 1344430 - -5?
1344435
In base 3, what is 20 - 11212202100?
-11212202010
In base 11, what is 20 + -326?
-306
In base 12, what is -1 - 15503b?
-155040
In base 10, what is -18061 + -4?
-18065
In base 2, what is -111001000000101 + -110?
-111001000001011
In base 10, what is -444 + -462?
-906
In base 11, what is -1 - -377976?
377975
In base 4, what is 12 - 123121?
-123103
In base 9, what is 68 - 14778?
-14710
In base 4, what is 2221 + -1000102?
-331221
In base 7, what is 2 - -1064112?
1064114
In base 11, what is -34 + 9480?
9447
In base 9, what is 16 + 1075?
1102
In base 8, what is -3 - 30732?
-30735
In base 13, what is -2879 + 1b?
-285b
In base 6, what is 5123 - 1255?
3424
In base 3, what is 2 + -22122202002?
-22122202000
In base 11, what is 6 - 1a01?
-19a6
In base 10, what is -457 + -6022?
-6479
In base 7, what is -633435 + 1?
-633434
In base 6, what is -1102 + 10?
-1052
In base 11, what is -470 + 17?
-454
In base 5, what is 1411 + 4224?
11140
In base 6, what is 1 + 1011235?
1011240
In base 10, what is 2184097 - -2?
2184099
In base 11, what is -a0 + -3a6?
-496
In base 13, what is -3039 - 52?
-308b
In base 6, what is 15335 - 155?
15140
In base 10, what is 504 - 1060?
-556
In base 8, what is 6 + -15316?
-15310
In base 4, what is -11131332330 + 10?
-11131332320
In base 13, what is 9791 + a?
979b
In base 2, what is 11 - -11110101110111?
11110101111010
In base 14, what is -7b54 + 6?
-7b4c
In base 2, what is -1010011001000111 + -10?
-1010011001001001
In base 13, what is -259 + -60?
-2b9
In base 8, what is 633 + 2207?
3042
In base 2, what is 1010101010000010 - -101?
1010101010000111
In base 15, what is 11 - 77b5?
-77a4
In base 13, what is 13 + 2094?
20a7
In base 7, what is -341 + 344?
3
In base 3, what is -201012022210 - 0?
-201012022210
In base 6, what is 10 - -21311241?
21311251
In base 11, what is -249 - 148?
-396
In base 13, what is -79bb0 + -3?
-79bb3
In base 16, what is 829 + -76?
7b3
In base 5, what is -42 + 310302?
310210
In base 6, what is 2355 + 1153?
3552
In base 6, what is 2002 - 3332?
-1330
In base 5, what is 11141 - 412?
10224
In base 11, what is a - -476?
485
In base 15, what is 1 + 165d0?
165d1
In base 15, what is -4 + -18d063?
-18d067
In base 14, what is 851449 - 0?
851449
In base 14, what is -6 - -8a1?
899
In base 8, what is -544612 + 6?
-544604
In base 6, what is -44233 - -14?
-44215
In base 7, what is -20052 - 14?
-20066
In base 7, what is -11 - 46334?
-46345
In base 6, what is -510 + -112?
-1022
In base 16, what is 5 - 160a?
-1605
In base 9, what is -565 - 802?
-1467
In base 8, what is -402424 - -1?
-402423
In base 9, what is 233827 - 3?
233824
In base 13, what is 3 - 9b448?
-9b445
In base 3, what is -120010 - -120010?
0
In base 10, what is -588270 - -4?
-588266
In base 9, what is 38 - -862?
1011
In base 14, what is -83a4 - c?
-83b2
In base 16, what is 6d - -3c5?
432
In base 16, what is 32c4 + -14?
32b0
In base 7, what is -3302 - 36?
-3341
In base 5, what is 100242 + -34?
100203
In base 3, what is 10 + -1100210?
-1100200
In base 6, what is -10 + -45052?
-45102
In base 5, what is -130442 + 2?
-130440
In base 13, what is -2 - 2494?
-2496
In base 11, what is 43 - -93a1?
9434
In base 15, what is 1a66 - 2?
1a64
In base 14, what is -3 + 3134?
3131
In base 11, what is 2 + -a99?
-a97
In base 12, what is 41a + -169?
271
In base 11, what is -5516 + -26?
-5541
In base 15, what is 11451 - 9?
11447
In base 15, what is 58e - 38?
556
In base 13, what is -145 - -106?
-3c
In base 9, what is 3 - 7623?
-7620
In base 2, what is -100101111111 + 110?
-100101111001
In base 4, what is -330003 + -2002?
-332011
In base 2, what is 1001100000000000 - -101?
1001100000000101
In base 9, what is 10717 + 31?
10748
In base 13, what is -165b0 + -1?
-165b1
In base 5, what is 2230 - -241?
3021
In base 13, what is 12 + 3101?
3113
In base 2, what is -11111001011 + -111110000?
-100110111011
In base 8, what is -223010 + 2?
-223006
In base 2, what is -11 + -1100110001011?
-1100110001110
In base 2, what is 100 + -10000001001100110?
-10000001001100010
In base 2, what is 101000 + -10100?
10100
In base 14, what is -11a7 - -9d?
-1108
In base 3, what is -122010122001 - 10?
-122010122011
In base 2, what is 110110101001 - -11110100?
111010011101
In base 13, what is 2 + 4712?
4714
In base 14, what is -14 + 56b?
557
In base 15, what is -bbb - 6c?
-c38
In base 14, what is 4a0 + -28?
476
In base 7, what is -20 - -1251?
1231
In base 4, what is -10 - -303310223?
303310213
In base 2, what is -11100111001110 + 1011100?
-111